*g**2 - 5*g + 1. Let x(s) = s + 2. Let y be x(-6). Let r be j(y). Suppose 0 = -r*d + 7 + 63. What is the highest common divisor of 70 and d?
14
Suppose -25 = -3*s - 2*s. Let c = 22 + 13. Calculate the greatest common factor of c and s.
5
Let i(q) = 75*q**2 + 7*q - 6. Let x be i(4). Let k be 2/8 - x/(-8). What is the highest common divisor of 17 and k?
17
Suppose -3*u = -3*b - 783, -2*u = -5*u + 4*b + 780. Calculate the highest common factor of u and 24.
24
Suppose 2*r + 15 = -r. Let y(f) = -f + 3. Let u be y(r). What is the highest common divisor of 20 and u?
4
Let o = 26 - 7. What is the greatest common factor of o and 19?
19
Let y be 3/(-1 + 72/70). Suppose 0*w - 5*w = y. Let g = w - -36. What is the greatest common divisor of 6 and g?
3
Let v(t) = -2*t**2 + 3*t + 1. Let r be v(3). Let b be (r/(-6))/((-1)/(-18)). What is the highest common divisor of 3 and b?
3
Let f(m) = -28*m - 1. Let b be (1 - 0)/(1/(-2)). Let v be f(b). Suppose 3*l - 61 = 5*h, 2*h + 0*h = -4*l + 90. Calculate the greatest common factor of l and v.
11
Let d(v) = 4*v - 20. Let h be d(6). Calculate the highest common factor of h and 28.
4
Suppose -199 = -g - 2*l + 65, -3*l - 1372 = -5*g. Calculate the highest common divisor of 34 and g.
34
Let z = 1 + 9. Suppose z = -4*i + 30. Suppose 0 = s + i - 38. What is the highest common divisor of s and 3?
3
Let w = 33 - 18. What is the greatest common divisor of w and 15?
15
Let j be (-3)/(-3) + -9 + 2. Let i = j - -8. Calculate the greatest common factor of i and 10.
2
Let p = 17 + -7. What is the highest common divisor of p and 110?
10
Suppose -2*f + 19 = -3. Calculate the greatest common divisor of f and 99.
11
Let f = -5 + 5. Suppose 2*m - 46 - 54 = f. Let x = 1 - -9. Calculate the highest common factor of m and x.
10
Suppose 5*o - 43 + 11 = -k, -5*k - o = -232. Suppose -5*m + k = 2*q, -3*q = 2*m + 2 - 23. Calculate the highest common divisor of m and 81.
9
Suppose 0*y + 13 = y. Calculate the highest common factor of y and 52.
13
Let j(n) = -4 - 6 - 4*n - 6. Let f be j(-7). Calculate the greatest common divisor of 60 and f.
12
Let m(a) = -a**2 + 6*a + 1. Let p be m(6). What is the highest common divisor of 4 and p?
1
Let o = -9 + 6. Let j be (-16)/o*(70 + 2). Suppose 3*h = -6*q + q + 288, j = 4*h + q. What is the highest common factor of h and 12?
12
Let l be -2 + (16 - (4 + -6)). What is the greatest common factor of l and 24?
8
Let v(r) = -r**2 + 15*r + 4. Let a be v(13). What is the highest common divisor of 5 and a?
5
Let u be (-4)/(-10) - 32/(-20). Let p be 40/u*(-4)/(-10). Calculate the greatest common factor of 1 and p.
1
Let g(l) = l. Let v be g(5). Suppose -21 + 1 = -v*i, 0 = -n - 2*i + 16. What is the greatest common factor of 16 and n?
8
Let d = -227 - -380. What is the highest common divisor of d and 17?
17
Suppose 6*z - z + 103 = 2*d, 5*z - 25 = 0. Calculate the greatest common factor of 16 and d.
16
Let q be 8/(-2 - -1)*-1. Suppose 3*p + 125 = q*p. Calculate the highest common factor of p and 10.
5
Suppose -5*c - 3 - 17 = 0. Let y be ((-858)/15)/(c/20). What is the highest common divisor of 26 and y?
26
Suppose -77 = -3*v - 5. What is the highest common divisor of 48 and v?
24
Suppose 5*y - 13 = 2*i + 20, 0 = -y + 5*i + 25. Suppose 621 + 19 = y*t. What is the highest common divisor of t and 16?
16
Let v(q) = -q + 33. Let c be v(0). Calculate the greatest common factor of 11 and c.
11
Let q be 1/(-2)*18/3. Let z be q*4/(36/(-33)). Let j = 0 - -1. What is the greatest common factor of z and j?
1
Let y(t) = t. Let s be y(-3). Let o be (s/(-2))/((-2)/(-4)). Suppose -o*r = -4*r + 5. What is the highest common factor of 45 and r?
5
Let a = 86 - -13. Let j be a/(-3)*(1 - 6). Calculate the highest common factor of j and 15.
15
Let q(m) = m**3 - 2*m + 2. Let j be q(2). Let k(s) = -s**3 + 5*s**2 + 8*s - 2. Let c be k(j). What is the greatest common divisor of 10 and c?
10
Let t = 10 - -16. Let v = t + -16. Calculate the highest common divisor of v and 80.
10
Let a(y) = -y**2 - 5*y + 3. Let g be a(-5). Let u = 1 - -21. Suppose n - u = -2*l, 2*n - l - 46 = -g*l. Calculate the greatest common divisor of n and 6.
6
Let y(g) = g**2 + 4*g. Let t be y(4). Let j be ((-39)/12)/((-2)/8). Let d = -9 + j. What is the highest common factor of t and d?
4
Let i(a) be the first derivative of 3*a**2 + a - 4 + 2/3*a**3. Let h be i(5). What is the greatest common divisor of h and 9?
9
Suppose -2*v = v - 300. What is the highest common factor of 20 and v?
20
Let r(q) = 3*q**2 + q - 1. Let m be r(1). Suppose -n + 4 = m. Let u be 2/1*2 - -1. What is the greatest common divisor of n and u?
1
Let g(m) = -13*m + 19. Let w be g(-7). Calculate the highest common divisor of w and 10.
10
Let v(y) = y**2 - 12*y - 5. Let m be v(12). Let u = m - -7. What is the highest common divisor of 1 and u?
1
Suppose -272 - 175 = -3*t + 4*a, 0 = 4*a - 12. Calculate the greatest common divisor of t and 17.
17
Suppose 5*l + 4*h = l - 4, -h = -3*l + 13. Suppose 2*f + f - l = 0. What is the highest common divisor of f and 1?
1
Let o(u) = -3*u**3 + u. Let v be o(1). Let i be 24/42*(-7)/v. What is the highest common divisor of 1 and i?
1
Let p be -1*2*825/(-22). Let d = 113 - p. Calculate the greatest common divisor of d and 19.
19
Let i be 1 + 53 + 4/(-2). Suppose 3*c - 5*m = i, c = -3*c - 3*m + 21. What is the highest common factor of 45 and c?
9
Let z = 8 + -34. Let s be z/(-6) - 2/6. Suppose 5*o - 5*g - 45 = 0, -s*g - 27 = -3*o - 0*o. What is the greatest common factor of 9 and o?
9
Let l = 15 + -13. What is the greatest common factor of l and 8?
2
Suppose -3*i = -51 + 6. Let b be ((-37)/2)/(1/2). Let p = -22 - b. Calculate the greatest common factor of p and i.
15
Let u = -77 + 140. Suppose 2*c = -0*c. Suppose c = -3*k + 11 + 10. Calculate the greatest common divisor of k and u.
7
Let f(y) = -y**2 - 7*y + 8. Let u be f(-7). Calculate the highest common divisor of u and 2.
2
Let l = -2 + 10. Suppose 5*w = -m + 6*w + 5, 12 = 4*w. Calculate the greatest common factor of l and m.
8
Let o(z) = -4*z + 16. Let h be o(0). What is the greatest common divisor of h and 4?
4
Let k(s) be the second derivative of 7*s**4/6 + s**3/6 - s**2/2 - 6*s. Let i be k(1). Calculate the greatest common factor of 21 and i.
7
Let x be 4/(-3) + (-1)/(-3). Let z = -4 + 1. Let u be 41 + (-2 - z)*x. What is the highest common divisor of 8 and u?
8
Let j = 20 + -7. Suppose 2*q = -5*c + 62, 5*q + 2*c = -2*c + 138. Suppose -p = p - q. Calculate the highest common factor of j and p.
13
Let r(t) = 46*t + 3. Let p be r(1). What is the highest common factor of 7 and p?
7
Let x = 24 + -23. What is the highest common factor of 5 and x?
1
Let o be (12/15)/((-2)/(-5)). Suppose 0 = 3*b - 4*n - 8, o*b + 3*n - 12 = 4*n. Calculate the highest common divisor of 12 and b.
4
Suppose 7 = 5*o - 68. Suppose -33 = -2*k - t, -3*k - 5*t = -27 - 33. Calculate the greatest common divisor of k and o.
15
Let s(d) = -d**3 + 4*d + 1. Let n = -2 - 1. Let i be s(n). What is the highest common factor of 4 and i?
4
Let a = -4 + 4. Suppose 3*j - 7*j - 8 = a. Let m = j - -3. What is the greatest common factor of 8 and m?
1
Suppose -2*i + 27 = 2*d - 11, d + 65 = 5*i. What is the highest common divisor of 266 and i?
14
Let z be -3 - -3 - 3 - -136. Suppose 0 = -3*x - x + 36. Suppose 5*n - 104 = -x. Calculate the highest common factor of z and n.
19
Let q(w) = w**2 + 5*w + 4. Let p = -5 - -1. Let v be q(p). Let t be -3 + 2 - v - -15. Calculate the highest common factor of 14 and t.
14
Suppose 2*s + 4 = 2*c, -5*c - 2*s + 11 = -6. Let f be c/(12/28) - -2. What is the highest common divisor of f and 36?
9
Let p = -21 - -34. What is the greatest common factor of 91 and p?
13
Let i(t) = 3*t - 6. Let f(s) = -s**2 - 8*s - 8. Let x be f(-6). Let b be i(x). Suppose 3 = 3*n - 33. What is the greatest common factor of n and b?
6
Let m be (9 - 12/(-4)) + 3. Let b = m + 0. What is the greatest common divisor of 45 and b?
15
Let c(d) = -17*d - 7. Let f be c(-3). Calculate the highest common divisor of f and 11.
11
Let m be 1/3 + 70/15. Suppose m*v - 76 = -4*u, 2*v - 46 = 2*u - 12. Calculate the highest common divisor of 176 and v.
16
Let y = -189 + 317. Let i = y + -84. Calculate the highest common factor of 66 and i.
22
Let m(g) = 0*g + 6 - g + 4.